{"id":23,"date":"2018-08-07T12:30:42","date_gmt":"2018-08-07T12:30:42","guid":{"rendered":"http:\/\/neb.ist.utl.pt\/~neb.daemon\/site\/?page_id=23"},"modified":"2024-04-24T13:56:06","modified_gmt":"2024-04-24T12:56:06","slug":"ist-si","status":"publish","type":"page","link":"https:\/\/neb.ist.utl.pt\/~neb.daemon\/site\/ist-si\/","title":{"rendered":"IST SI"},"content":{"rendered":"<div id=\"pl-23\"  class=\"panel-layout\" ><div id=\"pg-23-0\"  class=\"panel-grid panel-has-style\" ><div style=\"padding: 0px 0; \" class=\"panel-row-style panel-row-style-for-23-0\" ><div id=\"pgc-23-0-0\"  class=\"panel-grid-cell\" ><a id=\"1\" data-ps2id-target=\"\"><\/a><\/div><\/div><\/div><div id=\"pg-23-1\"  class=\"panel-grid panel-has-style\" ><div style=\"padding: 0px 0; \" class=\"panel-row-style panel-row-style-for-23-1\" ><div id=\"pgc-23-1-0\"  class=\"panel-grid-cell\" ><div id=\"panel-23-1-0-0\" class=\"so-panel widget widget_sow-editor panel-first-child panel-last-child\" data-index=\"1\" ><div class=\"panel-widget-style panel-widget-style-for-23-1-0-0\" ><div\n\t\t\t\n\t\t\tclass=\"so-widget-sow-editor so-widget-sow-editor-base\"\n\t\t\t\n\t\t><h3 class=\"widget-title\">o que s\u00e3o os IST SUMMER INTERNSHIPS?<\/h3>\n<div class=\"siteorigin-widget-tinymce textwidget\">\n\t<p style=\"text-align: justify;\">O programa de est\u00e1gios do Instituto Superior T\u00e9cnico, o IST Summer Internships, \u00e9 um projeto que conta com a colabora\u00e7\u00e3o entre todos os N\u00facleos de Estudantes do IST e o N\u00facleo de Parcerias Empresariais. \u00a0De seguida listam-se os n\u00facleos que est\u00e3o ao abrigo do programa:<\/p>\n<\/div>\n<\/div><\/div><\/div><\/div><\/div><\/div><div id=\"pg-23-2\"  class=\"panel-grid panel-has-style\" ><div class=\"siteorigin-panels-stretch perth-stretch panel-row-style panel-row-style-for-23-2\" style=\"padding: 0px 0; \" data-stretch-type=\"full\" ><div id=\"pgc-23-2-0\"  class=\"panel-grid-cell\" ><div id=\"panel-23-2-0-0\" class=\"so-panel widget widget_sow-editor panel-first-child panel-last-child\" data-index=\"2\" ><div class=\"panel-widget-style panel-widget-style-for-23-2-0-0\" ><div\n\t\t\t\n\t\t\tclass=\"so-widget-sow-editor so-widget-sow-editor-base\"\n\t\t\t\n\t\t>\n<div class=\"siteorigin-widget-tinymce textwidget\">\n\t<ul style=\"list-style-type: square;\">\n<li>AeroT\u00e9c \u2013 N\u00facleo de Estudantes de Engenharia Aeroespacial<\/li>\n<li>F\u00f3rum Civil<\/li>\n<li>F\u00f3rum Mec\u00e2nica<\/li>\n<li>N3E \u2013 N\u00facleo de Estudantes de Engenharia Eletr\u00f3nica<\/li>\n<li>NAEN \u2013 N\u00facleo de Alunos de Engenharia Naval<\/li>\n<li>NEBIST \u2013 N\u00facleo de Engenharia Biol\u00f3gica do IST<\/li>\n<li>NEBM-IST \u2013 N\u00facleo de Engenharia Biom\u00e9dica do IST<\/li>\n<li>NEEA \u2013 N\u00facleo de Estudantes de Engenharia do Ambiente<\/li>\n<li>NEECIST \u2013 N\u00facleo de Estudantes de Eletrot\u00e9cnica e de Computadores do IST<\/li>\n<li>NEEGI \u2013 N\u00facleo de Estudantes Engenharia e Gest\u00e3o Industrial<\/li>\n<li>NEETI \u2013 N\u00facleo de Estudantes de Engenharia de Telecomunica\u00e7\u00f5es e Inform\u00e1tica<\/li>\n<li>NEIIST\u00a0\u2013 N\u00facleo de Estudantil de Inform\u00e1tica do IST<\/li>\n<li>NEMat \u2013 N\u00facleo de Estudantes de Materiais<\/li>\n<li>NEQ \u2013 N\u00facleo de Engenharia Qu\u00edmica do IST<\/li>\n<li>NFIST \u2013 N\u00facleo de F\u00edsica do IST<\/li>\n<li>NMath\u00a0\u2013 N\u00facleo de Estudantes de Matem\u00e1tica do IST<\/li>\n<li>NucleAR\u00a0\u2013 N\u00facleo de Estudantes de Arquitetura do IST<\/li>\n<li>NUMIST \u2013 N\u00facleo de Minas do IST<\/li>\n<\/ul>\n<\/div>\n<\/div><\/div><\/div><\/div><div id=\"pgc-23-2-1\"  class=\"panel-grid-cell\" ><div id=\"panel-23-2-1-0\" class=\"so-panel widget widget_sow-image panel-first-child panel-last-child\" data-index=\"3\" ><div\n\t\t\t\n\t\t\tclass=\"so-widget-sow-image so-widget-sow-image-default-8b5b6f678277-23\"\n\t\t\t\n\t\t>\n\n<div class=\"sow-image-container\">\n\t\t<img fetchpriority=\"high\" decoding=\"async\" src=\"https:\/\/i0.wp.com\/neb.ist.utl.pt\/~neb.daemon\/site\/wp-content\/uploads\/2020\/07\/Engenharia-Biol\u00f3gica.png?fit=2676%2C3456&amp;ssl=1\" width=\"2676\" height=\"3456\" title=\"Engenharia Biol\u00f3gica\" alt=\"\" \t\tclass=\"so-widget-image\"\/>\n\t<\/div>\n\n<\/div><\/div><\/div><\/div><\/div><div id=\"pg-23-3\"  class=\"panel-grid panel-has-style\" ><div style=\"padding: 0px 0; \" class=\"panel-row-style panel-row-style-for-23-3\" ><div id=\"pgc-23-3-0\"  class=\"panel-grid-cell\" ><div id=\"panel-23-3-0-0\" class=\"so-panel widget widget_sow-editor panel-first-child panel-last-child\" data-index=\"4\" ><div class=\"panel-widget-style panel-widget-style-for-23-3-0-0\" ><div\n\t\t\t\n\t\t\tclass=\"so-widget-sow-editor so-widget-sow-editor-base\"\n\t\t\t\n\t\t><h3 class=\"widget-title\">OBJETIVOS<\/h3>\n<div class=\"siteorigin-widget-tinymce textwidget\">\n\t<p style=\"text-align: justify;\">O IST Summer Internships foi implementado tendo em vista possibilitar\/facilitar aos alunos a aquisi\u00e7\u00e3o de capacidades e compet\u00eancias complementares \u00e0s adquiridas durante a forma\u00e7\u00e3o acad\u00e9mica, e ainda, proporcionar uma experi\u00eancia que permita, no imediato ou mais tarde, uma melhor articula\u00e7\u00e3o na passagem do mundo acad\u00e9mico para o mundo profissional.<\/p>\n<\/div>\n<\/div><\/div><\/div><\/div><div id=\"pgc-23-3-1\"  class=\"panel-grid-cell\" ><div id=\"panel-23-3-1-0\" class=\"so-panel widget widget_sow-editor panel-first-child panel-last-child\" data-index=\"5\" ><div class=\"panel-widget-style panel-widget-style-for-23-3-1-0\" ><div\n\t\t\t\n\t\t\tclass=\"so-widget-sow-editor so-widget-sow-editor-base\"\n\t\t\t\n\t\t><h3 class=\"widget-title\">CREDITA\u00c7\u00c3O<\/h3>\n<div class=\"siteorigin-widget-tinymce textwidget\">\n\t<p style=\"text-align: justify;\">Depois de realizares o teu est\u00e1gio tens a possibilidade de obter um certificado de participa\u00e7\u00e3o, seres avaliado e consequentemente, creditado atrav\u00e9s da realiza\u00e7\u00e3o da cadeira de Portef\u00f3lio I e II de MEBiol. Em rela\u00e7\u00e3o ao uso da experi\u00eancia adquirida no est\u00e1gio para a realiza\u00e7\u00e3o da cadeira de Portef\u00f3lio I e II, \u00e9 necess\u00e1rio que sejam cumpridos os requisitos mencionados na p\u00e1gina oficial da cadeira e que sejam tidos certos aspectos da avalia\u00e7\u00e3o e credita\u00e7\u00e3o.<\/p>\n<\/div>\n<\/div><\/div><\/div><\/div><\/div><\/div><div id=\"pg-23-4\"  class=\"panel-grid panel-has-style\" ><div style=\"padding: 0px 0; \" class=\"panel-row-style panel-row-style-for-23-4\" ><div id=\"pgc-23-4-0\"  class=\"panel-grid-cell\" >\r\n\t\t<div class=\"svg-container row-svg row-separator\" style=\"fill:#ffffff\">\r\n\t\t\t<svg xmlns=\"http:\/\/www.w3.org\/2000\/svg\" version=\"1.1\" viewBox=\"0 0 100 100\" preserveAspectRatio=\"none\">\r\n\t\t\t\t<path d=\"M0 0 L100 0 L100 2 L0 100 Z\"><\/path>\r\n\t\t\t<\/svg>\r\n\t\t<\/div>\r\n\r\n\r\n\t<\/div><\/div><\/div><div id=\"pg-23-5\"  class=\"panel-grid panel-has-style\" ><div class=\"lsow-dark-bg siteorigin-panels-stretch parallaxBg perth-stretch panel-row-style panel-row-style-for-23-5\" style=\"color: #ffffff;background-image: url(https:\/\/i0.wp.com\/neb.ist.utl.pt\/~neb.daemon\/site\/wp-content\/uploads\/2024\/04\/WhatsApp-Image-2024-03-18-at-12.24.12-1.jpeg?fit=1600%2C1066&#038;ssl=1);padding: 200px 0; \" data-stretch-type=\"full\" data-hascolor=\"hascolor\" data-hasbg=\"hasbg\" ><div id=\"pgc-23-5-0\"  class=\"panel-grid-cell\" ><div id=\"panel-23-5-0-0\" class=\"so-panel widget widget_perth_action perth_action_widget panel-first-child panel-last-child\" data-index=\"7\" ><div class=\"panel-widget-style panel-widget-style-for-23-5-0-0\" ><h3 class=\"widget-title\">BOLSA DE EST\u00c1GIO NEBIST<\/h3>        <div class=\"call-to-action \">\r\n\t\t\t<div class=\"promo-wrap\">\r\n\t\t\t\t\t\t\t\t<div class=\"action-text\">\r\n\t\t\t\t\tA Bolsa de Est\u00e1gio do N\u00facleo de Engenharia Biol\u00f3gica \u00e9 atribu\u00edda a todos os estudantes que participem em est\u00e1gios n\u00e3o remunerados ao abrigo do programa IST-SI. Esta bolsa, resultante de uma parceria entre o NEBIST e o Departamento de Bioengenharia do IST, visa cobrir parte das despesas de transporte dos alunos de Mestrado Integrado em Engenharia Biol\u00f3gica, Mestrado em Biotecnologia e Mestrado em Microbiologia.\t\t\t\t<\/div>\r\n\t\t\t\t\t\t\t\t<div class=\"action-button\">\r\n\t\t\t\t\t<a href=\"http:\/\/neb.ist.utl.pt\/~neb.daemon\/site\/wp-content\/uploads\/2020\/07\/REGULAMENTO-DA-BOLSA-DE-EST\u00c1GIO-NEBIST-2020.pdf\" class=\"button more-button\">Regulamento<\/a>\r\n\t\t\t\t<\/div>\r\n\t\t\t<\/div>\r\n        <\/div>\r\n\t<\/div><\/div><\/div><\/div><\/div><div id=\"pg-23-6\"  class=\"panel-grid panel-has-style\" ><div style=\"padding: 0px 0; \" class=\"panel-row-style panel-row-style-for-23-6\" ><div id=\"pgc-23-6-0\"  class=\"panel-grid-cell\" >\r\n\t\t<div class=\"svg-container row-svg row-sep-b\" style=\"fill:#ffffff\">\r\n\t\t\t<svg xmlns=\"http:\/\/www.w3.org\/2000\/svg\" version=\"1.1\" viewBox=\"0 0 100 100\" preserveAspectRatio=\"none\">\r\n\t\t\t\t<g transform=\"translate(0,-952.36218)\"><path d=\"m 0,1052.3622 100,0 0,-2 L 0,952.36218 z\" \/><\/g>\r\n  \t\t\t<\/svg>\r\n\t\t<\/div>\r\n\r\n\t<\/div><\/div><\/div><div id=\"pg-23-7\"  class=\"panel-grid panel-has-style\" ><div class=\"siteorigin-panels-stretch perth-stretch panel-row-style panel-row-style-for-23-7\" style=\"padding: 0px 0; \" data-stretch-type=\"full\" ><div id=\"pgc-23-7-0\"  class=\"panel-grid-cell\" ><div id=\"panel-23-7-0-0\" class=\"so-panel widget widget_sow-editor panel-first-child panel-last-child\" data-index=\"9\" ><div class=\"panel-widget-style panel-widget-style-for-23-7-0-0\" ><div\n\t\t\t\n\t\t\tclass=\"so-widget-sow-editor so-widget-sow-editor-base\"\n\t\t\t\n\t\t><h3 class=\"widget-title\">candidatura<\/h3>\n<div class=\"siteorigin-widget-tinymce textwidget\">\n\t<p style=\"text-align: justify;\">Ap\u00f3s serem divulgados os programas de est\u00e1gios dispon\u00edveis, bem como as informa\u00e7\u00f5es associadas a cada um deles, os alunos podem candidatar-se. Para tal, devem inscrever-se pelo Jobbank do IST, atrav\u00e9s do link abaixo. Dever\u00e1 ser criado um perfil \u00fanico, atrav\u00e9s do F\u00e9nixID, com os dados do aluno que ser\u00e1 transversal a todas as candidaturas, assim como o CV. O perfil do aluno dever\u00e1 ser completado com a restante informa\u00e7\u00e3o necess\u00e1ria.<\/p>\n<p>Para mais informa\u00e7\u00e3o, consulta tamb\u00e9m o site e a p\u00e1gina do Facebook dos IST Summer Internships.<\/p>\n<\/div>\n<\/div><\/div><\/div><\/div><\/div><\/div><div id=\"pg-23-8\"  class=\"panel-grid panel-has-style\" ><div class=\"lsow-dark-bg siteorigin-panels-stretch perth-stretch panel-row-style panel-row-style-for-23-8\" style=\"padding: 0px 0; \" data-stretch-type=\"full\" ><div id=\"pgc-23-8-0\"  class=\"panel-grid-cell\" ><div id=\"panel-23-8-0-0\" class=\"so-panel widget widget_perth_action perth_action_widget panel-first-child\" data-index=\"10\" >        <div class=\"call-to-action \">\r\n\t\t\t<div class=\"promo-wrap\">\r\n\t\t\t\t\t\t\t\t<div class=\"action-button\">\r\n\t\t\t\t\t<a href=\"https:\/\/ist-csm.symplicity.com\/\" class=\"button more-button\">JOBBANK IST<\/a>\r\n\t\t\t\t<\/div>\r\n\t\t\t<\/div>\r\n        <\/div>\r\n\t<\/div><div id=\"panel-23-8-0-1\" class=\"so-panel widget widget_ink-divider panel-last-child\" data-index=\"11\" ><div\n\t\t\t\n\t\t\tclass=\"so-widget-ink-divider so-widget-ink-divider-divider-cdca1d63a39c-23\"\n\t\t\t\n\t\t><div class=\"iw-so-divider-top\"><\/div>\n<div class=\"iw-so-divider \"><\/div>\n<div class=\"iw-so-divider-bottom\"><\/div>\n<\/div><\/div><\/div><div id=\"pgc-23-8-1\"  class=\"panel-grid-cell\" ><div id=\"panel-23-8-1-0\" class=\"so-panel widget widget_perth_action perth_action_widget panel-first-child\" data-index=\"12\" >        <div class=\"call-to-action \">\r\n\t\t\t<div class=\"promo-wrap\">\r\n\t\t\t\t\t\t\t\t<div class=\"action-button\">\r\n\t\t\t\t\t<a href=\"https:\/\/istsi.org\/\" class=\"button more-button\">ist si<\/a>\r\n\t\t\t\t<\/div>\r\n\t\t\t<\/div>\r\n        <\/div>\r\n\t<\/div><div id=\"panel-23-8-1-1\" class=\"so-panel widget widget_ink-divider panel-last-child\" data-index=\"13\" ><div\n\t\t\t\n\t\t\tclass=\"so-widget-ink-divider so-widget-ink-divider-divider-cdca1d63a39c-23\"\n\t\t\t\n\t\t><div class=\"iw-so-divider-top\"><\/div>\n<div class=\"iw-so-divider \"><\/div>\n<div class=\"iw-so-divider-bottom\"><\/div>\n<\/div><\/div><\/div><div id=\"pgc-23-8-2\"  class=\"panel-grid-cell\" ><div id=\"panel-23-8-2-0\" class=\"so-panel widget widget_perth_action perth_action_widget panel-first-child\" data-index=\"14\" >        <div class=\"call-to-action \">\r\n\t\t\t<div class=\"promo-wrap\">\r\n\t\t\t\t\t\t\t\t<div class=\"action-button\">\r\n\t\t\t\t\t<a href=\"https:\/\/www.facebook.com\/istsi\/\" class=\"button more-button\">P\u00c1GINA FACEBOOK<\/a>\r\n\t\t\t\t<\/div>\r\n\t\t\t<\/div>\r\n        <\/div>\r\n\t<\/div><div id=\"panel-23-8-2-1\" class=\"so-panel widget widget_ink-divider panel-last-child\" data-index=\"15\" ><div\n\t\t\t\n\t\t\tclass=\"so-widget-ink-divider so-widget-ink-divider-divider-cdca1d63a39c-23\"\n\t\t\t\n\t\t><div class=\"iw-so-divider-top\"><\/div>\n<div class=\"iw-so-divider \"><\/div>\n<div class=\"iw-so-divider-bottom\"><\/div>\n<\/div><\/div><\/div><\/div><\/div><\/div>","protected":false},"excerpt":{"rendered":"<p>O programa de est\u00e1gios do Instituto Superior T\u00e9cnico, o IST Summer Internships, \u00e9 um projeto que conta com a colabora\u00e7\u00e3o entre todos os N\u00facleos de Estudantes do IST e o N\u00facleo de Parcerias Empresariais. \u00a0De seguida listam-se os n\u00facleos que est\u00e3o ao abrigo do programa:<\/p>\n","protected":false},"author":1,"featured_media":0,"parent":0,"menu_order":0,"comment_status":"closed","ping_status":"closed","template":"page-templates\/page_front-page.php","meta":{"jetpack_post_was_ever_published":false,"footnotes":""},"wf_page_folders":[],"jetpack_sharing_enabled":true,"jetpack_shortlink":"https:\/\/wp.me\/P2fvZo-n","jetpack-related-posts":[],"_links":{"self":[{"href":"https:\/\/neb.ist.utl.pt\/~neb.daemon\/site\/wp-json\/wp\/v2\/pages\/23"}],"collection":[{"href":"https:\/\/neb.ist.utl.pt\/~neb.daemon\/site\/wp-json\/wp\/v2\/pages"}],"about":[{"href":"https:\/\/neb.ist.utl.pt\/~neb.daemon\/site\/wp-json\/wp\/v2\/types\/page"}],"author":[{"embeddable":true,"href":"https:\/\/neb.ist.utl.pt\/~neb.daemon\/site\/wp-json\/wp\/v2\/users\/1"}],"replies":[{"embeddable":true,"href":"https:\/\/neb.ist.utl.pt\/~neb.daemon\/site\/wp-json\/wp\/v2\/comments?post=23"}],"version-history":[{"count":0,"href":"https:\/\/neb.ist.utl.pt\/~neb.daemon\/site\/wp-json\/wp\/v2\/pages\/23\/revisions"}],"wp:attachment":[{"href":"https:\/\/neb.ist.utl.pt\/~neb.daemon\/site\/wp-json\/wp\/v2\/media?parent=23"}],"wp:term":[{"taxonomy":"wf_page_folders","embeddable":true,"href":"https:\/\/neb.ist.utl.pt\/~neb.daemon\/site\/wp-json\/wp\/v2\/wf_page_folders?post=23"}],"curies":[{"name":"wp","href":"https:\/\/api.w.org\/{rel}","templated":true}]}}